{"id":3,"date":"2022-05-18T22:56:39","date_gmt":"2022-05-18T22:56:39","guid":{"rendered":"https:\/\/quetzalinmobiliaria.com.mx\/?page_id=3"},"modified":"2024-07-30T22:25:00","modified_gmt":"2024-07-30T22:25:00","slug":"politica-privacidad","status":"publish","type":"page","link":"https:\/\/quetzalinmobiliaria.com.mx\/index.php\/politica-privacidad\/","title":{"rendered":"Pol\u00edtica de privacidad"},"content":{"rendered":"\t\t<div data-elementor-type=\"wp-page\" data-elementor-id=\"3\" class=\"elementor elementor-3\" data-elementor-settings=\"[]\">\n\t\t\t\t\t\t\t<div class=\"elementor-section-wrap\">\n\t\t\t\t\t\t\t<section class=\"elementor-section elementor-top-section elementor-element elementor-element-650067ef elementor-section-boxed elementor-section-height-default elementor-section-height-default\" data-id=\"650067ef\" data-element_type=\"section\">\n\t\t\t\t\t\t<div class=\"elementor-container elementor-column-gap-default\">\n\t\t\t\t\t<div class=\"elementor-column elementor-col-100 elementor-top-column elementor-element elementor-element-203b396f\" data-id=\"203b396f\" data-element_type=\"column\">\n\t\t\t<div class=\"elementor-widget-wrap elementor-element-populated\">\n\t\t\t\t\t\t\t\t<div class=\"elementor-element elementor-element-37c12383 elementor-widget elementor-widget-text-editor\" data-id=\"37c12383\" data-element_type=\"widget\" data-widget_type=\"text-editor.default\">\n\t\t\t\t<div class=\"elementor-widget-container\">\n\t\t\t<style>\/*! elementor - v3.5.6 - 28-02-2022 *\/\n.elementor-widget-text-editor.elementor-drop-cap-view-stacked .elementor-drop-cap{background-color:#818a91;color:#fff}.elementor-widget-text-editor.elementor-drop-cap-view-framed .elementor-drop-cap{color:#818a91;border:3px solid;background-color:transparent}.elementor-widget-text-editor:not(.elementor-drop-cap-view-default) .elementor-drop-cap{margin-top:8px}.elementor-widget-text-editor:not(.elementor-drop-cap-view-default) .elementor-drop-cap-letter{width:1em;height:1em}.elementor-widget-text-editor .elementor-drop-cap{float:left;text-align:center;line-height:1;font-size:50px}.elementor-widget-text-editor .elementor-drop-cap-letter{display:inline-block}<\/style>\t\t\t\t<p>Marcela Hern\u00e1ndez Pacheco<br \/>Asesor Inmobiliario Certificado<\/p>\n<p><strong>AVISO DE PRIVACIDAD<\/strong><\/p>\n<p>De conformidad con lo establecido por la Ley Federal de Protecci\u00f3n de Datos Personales, mi<br \/>oficina inmobiliaria Quetzal Inmobiliaria, con domicilio en San Borja #1109, Col. Narvarte Poniente,Alcald\u00eda Benito Ju\u00e1rez, C.P. 03020, Ciudad de M\u00e9xico, tel\u00e9fono 55 7469 6722, a quien en lo<br \/>sucesivo se le denominar\u00e1 \u201cASESOR INMOBILIARIO\u201d, podr\u00e1 solicitar a los propietarios de<br \/>inmuebles que contraten mi servicios para la promoci\u00f3n en venta o renta de sus inmuebles, los<br \/>documentos e informaci\u00f3n personal a los titulares de los mismos, que enunciativa m\u00e1s no<br \/>limitativamente se describen a continuaci\u00f3n:<\/p>\n<p><strong>A. Escritura de compraventa o t\u00edtulo de propiedad con sellos del Registro<\/strong><br \/><strong>P\u00fablico de la Propiedad y del Comercio.<\/strong><br \/><strong>B. Identificaci\u00f3n oficial con fotograf\u00eda.<\/strong><br \/><strong>C. Acta de matrimonio (en su caso).<\/strong><br \/><strong>D. Boleta del pago del impuesto predial (\u00faltimo a\u00f1o pagado o no)<\/strong><br \/><strong>E. Recibo del pago por derechos de agua (\u00faltimo bimestre pagado o no)<\/strong><br \/><strong>F. Recibos de luz, tel\u00e9fono y mantenimiento.<\/strong><br \/><strong>G. Estados de cuentas bancarios o comerciales (para efectos de exenci\u00f3n<\/strong><br \/><strong>del ISR)<\/strong><br \/><strong>H. Datos generales del propietario o copropietarios tales como nombre, edad, nacionalidad,<\/strong><br \/><strong>estado civil, ocupaci\u00f3n, domicilio, tel\u00e9fono particular o celular, e-mail, y CURP.<\/strong><br \/><strong>I. Cualquier otro requerido por el \u201cASESOR INMOBILIARIO \u0308\u201d para la venta o renta del inmueble.<\/strong><\/p>\n<p>La informaci\u00f3n y copias de los documentos antes indicados quedar\u00e1n a resguardo del \u201cASESOR<br \/>INMOBILIARIO \u0308\u201d quien se compromete adicionalmente a no revelarlos a ninguna persona ajena<br \/>salvo autorizaci\u00f3n expresa del titular o cuando sea requerido por autoridad competente. Los<br \/>documentos e informaci\u00f3n antes indicada solamente ser\u00e1n utilizados por el \u201cASESOR<br \/>INMOBILIARIO \u0308\u201d para efectos de realizar un diagn\u00f3stico jur\u00eddico, fiscal y de mercado informando<br \/>oportunamente cualquier situaci\u00f3n que pudiera afectar o entorpecer su libre transmisi\u00f3n o uso, y<br \/>para efectos de la promoci\u00f3n en venta o renta de dicho inmueble. En caso de llevarse a cabo la<br \/>operaci\u00f3n de venta\/renta del inmueble, \u201cEl Asesor Inmobiliario\u201d con el previo consentimiento<br \/>expreso del titular, podr\u00e1 entregar dichos documentos o informaci\u00f3n personal a la instituci\u00f3n<br \/>Crediticia y\/o Notario P\u00fablico designado para llevar a cabo los tr\u00e1mites de escrituraci\u00f3n del<br \/>inmueble, o a las agencias de bienes ra\u00edces con las que se trabaje en cooperaci\u00f3n y las compa\u00f1\u00edas<br \/>que proveen servicios de ESCROW. En caso de. que el inmueble del titular no se logre vender o<br \/>rentar por conducto del \u201cASESOR INMOBILIARIO \u0308\u201d durante la vigencia del contrato de prestaci\u00f3n<br \/>de servicios, \u00e9sta se compromete a devolver al titular toda la documentaci\u00f3n recibida, al momento<br \/>de la cancelaci\u00f3n o terminaci\u00f3n de la vigencia del contrato de prestaci\u00f3n de servicios celebrado<br \/>entre \u201cASESOR INMOBILIARIO \u0308\u201d y el titular.<\/p>\t\t\t\t\t\t<\/div>\n\t\t\t\t<\/div>\n\t\t\t\t\t<\/div>\n\t\t<\/div>\n\t\t\t\t\t\t\t<\/div>\n\t\t<\/section>\n\t\t\t\t<section class=\"elementor-section elementor-top-section elementor-element elementor-element-415ecee elementor-section-boxed elementor-section-height-default elementor-section-height-default\" data-id=\"415ecee\" data-element_type=\"section\">\n\t\t\t\t\t\t<div class=\"elementor-container elementor-column-gap-default\">\n\t\t\t\t\t<div class=\"elementor-column elementor-col-50 elementor-top-column elementor-element elementor-element-6b8e29e\" data-id=\"6b8e29e\" data-element_type=\"column\">\n\t\t\t<div class=\"elementor-widget-wrap elementor-element-populated\">\n\t\t\t\t\t\t\t\t<div class=\"elementor-element elementor-element-773c5ca elementor-widget elementor-widget-text-editor\" data-id=\"773c5ca\" data-element_type=\"widget\" data-widget_type=\"text-editor.default\">\n\t\t\t\t<div class=\"elementor-widget-container\">\n\t\t\t\t\t\t\t<p>San Borja #1109, Narvarte Poniente Benito Ju\u00e1rez, CDMX.<\/p>\t\t\t\t\t\t<\/div>\n\t\t\t\t<\/div>\n\t\t\t\t\t<\/div>\n\t\t<\/div>\n\t\t\t\t<div class=\"elementor-column elementor-col-50 elementor-top-column elementor-element elementor-element-d9c663e\" data-id=\"d9c663e\" data-element_type=\"column\">\n\t\t\t<div class=\"elementor-widget-wrap elementor-element-populated\">\n\t\t\t\t\t\t\t\t<div class=\"elementor-element elementor-element-46da899 elementor-widget elementor-widget-text-editor\" data-id=\"46da899\" data-element_type=\"widget\" data-widget_type=\"text-editor.default\">\n\t\t\t\t<div class=\"elementor-widget-container\">\n\t\t\t\t\t\t\t<p>Tel. 55 7469 6722<br \/>\u00a0e-mail: contacto@quetzalinmobiliaria.com.mx<\/p>\t\t\t\t\t\t<\/div>\n\t\t\t\t<\/div>\n\t\t\t\t\t<\/div>\n\t\t<\/div>\n\t\t\t\t\t\t\t<\/div>\n\t\t<\/section>\n\t\t\t\t\t\t<\/div>\n\t\t\t\t\t<\/div>\n\t\t","protected":false},"excerpt":{"rendered":"<p>Marcela Hern\u00e1ndez PachecoAsesor Inmobiliario Certificado AVISO DE PRIVACIDAD De conformidad con lo establecido por la Ley Federal de Protecci\u00f3n de Datos Personales, mioficina inmobiliaria Quetzal Inmobiliaria, con domicilio en San Borja #1109, Col. Narvarte Poniente,Alcald\u00eda Benito Ju\u00e1rez, C.P. 03020, Ciudad de M\u00e9xico, tel\u00e9fono 55 7469 6722, a quien en losucesivo se le denominar\u00e1 \u201cASESOR INMOBILIARIO\u201d, [&hellip;]<\/p>\n","protected":false},"author":1,"featured_media":0,"parent":0,"menu_order":0,"comment_status":"closed","ping_status":"closed","template":"elementor_header_footer","meta":{"footnotes":""},"class_list":["post-3","page","type-page","status-publish","hentry"],"_links":{"self":[{"href":"https:\/\/quetzalinmobiliaria.com.mx\/index.php\/wp-json\/wp\/v2\/pages\/3","targetHints":{"allow":["GET"]}}],"collection":[{"href":"https:\/\/quetzalinmobiliaria.com.mx\/index.php\/wp-json\/wp\/v2\/pages"}],"about":[{"href":"https:\/\/quetzalinmobiliaria.com.mx\/index.php\/wp-json\/wp\/v2\/types\/page"}],"author":[{"embeddable":true,"href":"https:\/\/quetzalinmobiliaria.com.mx\/index.php\/wp-json\/wp\/v2\/users\/1"}],"replies":[{"embeddable":true,"href":"https:\/\/quetzalinmobiliaria.com.mx\/index.php\/wp-json\/wp\/v2\/comments?post=3"}],"version-history":[{"count":6,"href":"https:\/\/quetzalinmobiliaria.com.mx\/index.php\/wp-json\/wp\/v2\/pages\/3\/revisions"}],"predecessor-version":[{"id":19569,"href":"https:\/\/quetzalinmobiliaria.com.mx\/index.php\/wp-json\/wp\/v2\/pages\/3\/revisions\/19569"}],"wp:attachment":[{"href":"https:\/\/quetzalinmobiliaria.com.mx\/index.php\/wp-json\/wp\/v2\/media?parent=3"}],"curies":[{"name":"wp","href":"https:\/\/api.w.org\/{rel}","templated":true}]}}